st the prime factors of 670236.
2, 3, 7, 79, 101
What are the prime factors of 3413655?
3, 5, 7, 10837
List the prime factors of 1940062.
2, 970031
List the prime factors of 927295.
5, 19, 43, 227
List the prime factors of 6070881.
3, 137, 14771
List the prime factors of 3110765.
5, 7, 12697
What are the prime factors of 158558?
2, 79279
What are the prime factors of 229037?
229037
List the prime factors of 8715528.
2, 3, 19, 23, 277
List the prime factors of 14353984.
2, 17, 79, 167
List the prime factors of 171431.
13, 13187
List the prime factors of 41241151.
7, 167, 35279
What are the prime factors of 31209214?
2, 15604607
List the prime factors of 5191672.
2, 113, 5743
List the prime factors of 25175909.
11, 2288719
List the prime factors of 2751205.
5, 550241
What are the prime factors of 17811193?
677, 26309
List the prime factors of 505890.
2, 3, 5, 7, 11, 73
What are the prime factors of 294574?
2, 7, 53, 397
List the prime factors of 4008566.
2, 17, 117899
List the prime factors of 6154332.
2, 3, 43, 11927
What are the prime factors of 2943804?
2, 3, 245317
List the prime factors of 8675644.
2, 17, 127583
What are the prime factors of 6553453?
6553453
List the prime factors of 75173.
7, 10739
What are the prime factors of 85637?
29, 2953
List the prime factors of 240557.
23, 10459
List the prime factors of 1072421.
7, 23, 6661
What are the prime factors of 531393?
3, 177131
What are the prime factors of 33808?
2, 2113
List the prime factors of 78745.
5, 15749
What are the prime factors of 278354?
2, 139177
What are the prime factors of 331520?
2, 5, 7, 37
What are the prime factors of 2470642?
2, 1235321
List the prime factors of 1296502.
2, 41, 97, 163
List the prime factors of 1759160.
2, 5, 13, 17, 199
List the prime factors of 11335331.
7, 101, 16033
List the prime factors of 356013.
3, 7, 5651
What are the prime factors of 23888893?
7, 17, 103, 1949
List the prime factors of 268603.
19, 67, 211
What are the prime factors of 433084?
2, 108271
List the prime factors of 6408905.
5, 1281781
List the prime factors of 1197246.
2, 3, 37, 5393
List the prime factors of 453884.
2, 233, 487
List the prime factors of 4750565.
5, 17, 55889
What are the prime factors of 324383?
227, 1429
What are the prime factors of 8861455?
5, 1772291
What are the prime factors of 718545?
3, 5, 47903
What are the prime factors of 273989?
17, 71, 227
List the prime factors of 526746.
2, 3, 11, 23, 347
List the prime factors of 499693.
499693
List the prime factors of 339578.
2, 169789
List the prime factors of 4343611.
139, 31249
What are the prime factors of 1547657?
1547657
What are the prime factors of 345070?
2, 5, 11, 3137
List the prime factors of 3674196.
2, 3, 102061
List the prime factors of 1813907.
389, 4663
List the prime factors of 8188272.
2, 3, 101, 563
What are the prime factors of 6086554?
2, 3043277
What are the prime factors of 520072?
2, 7, 37, 251
What are the prime factors of 5021306?
2, 2510653
What are the prime factors of 4805966?
2, 11, 218453
List the prime factors of 2613005.
5, 522601
What are the prime factors of 5401856?
2, 21101
What are the prime factors of 777213?
3, 86357
List the prime factors of 8416.
2, 263
What are the prime factors of 16680784?
2, 19, 37, 1483
What are the prime factors of 313582?
2, 17, 23, 401
List the prime factors of 411281.
13, 17, 1861
What are the prime factors of 8719220?
2, 5, 197, 2213
What are the prime factors of 568964?
2, 11, 67, 193
List the prime factors of 1106208.
2, 3, 23, 167
What are the prime factors of 200247?
3, 66749
What are the prime factors of 18650021?
13, 1434617
List the prime factors of 320562.
2, 3, 11, 1619
What are the prime factors of 760696?
2, 95087
List the prime factors of 327996.
2, 3, 3037
What are the prime factors of 189188?
2, 47297
List the prime factors of 1067446.
2, 533723
What are the prime factors of 2640454?
2, 211, 6257
What are the prime factors of 320958?
2, 3, 11, 1621
What are the prime factors of 9471615?
3, 5, 41, 15401
What are the prime factors of 5648006?
2, 7, 13, 31033
List the prime factors of 7095794.
2, 229, 15493
List the prime factors of 480686.
2, 31, 7753
List the prime factors of 2739257.
293, 9349
List the prime factors of 122272.
2, 3821
List the prime factors of 213373.
31, 6883
What are the prime factors of 145143?
3, 16127
What are the prime factors of 86898?
2, 3, 7, 2069
What are the prime factors of 20642925?
3, 5, 29, 9491
List the prime factors of 250429.
223, 1123
List the prime factors of 7279364.
2, 1819841
What are the prime factors of 786904?
2, 19, 31, 167
What are the prime factors of 4987115?
5, 7, 89, 1601
What are the prime factors of 42361630?
2, 5, 23, 184181
List the prime factors of 665945.
5, 7, 53, 359
What are the prime factors of 8870293?
83, 106871
What are the prime factors of 3617637?
3, 47, 25657
List the prime factors of 447650.
2, 5, 7, 1279
List the prime factors of 2024539.
11, 41, 67
What are the prime factors of 7876159?
127, 62017
List the prime factors of 4517153.
4517153
List the prime factors of 4727287.
4727287
What are the prime factors of 16462643?
31, 47, 11299
List the prime factors of 946922.
2, 19, 24919
List the prime factors of 119774.
2, 59887
What are the prime factors of 1259164?
2, 433, 727
List the prime factors of 573214.
2, 29, 9883
List the prime factors of 3959372.
2, 19, 59, 883
List the prime factors of 960292.
2, 240073
List the prime factors of 4061530.
2, 5, 11, 36923
What are the prime factors of 399010?
2, 5, 39901
What are the prime factors of 6464368?
2, 31, 13033
What are the prime factors of 422865?
3, 5, 9397
What are the prime factors of 1532011?
13, 191, 617
What are the prime factors of 271052?
2, 67763
List the prime factors of 635954.
2, 11, 137, 211
List the prime factors of 239724.
2, 3, 6659
List the prime factors of 166067.
11, 31, 487
List the prime factors of 426661.
426661
What are the prime factors of 11202235?
5, 11, 17, 11981
What are the prime factors of 1914754?
2, 29, 33013
What are the prime factors of 137316?
2, 3, 11443
List the prime factors of 921373.
921373
List the prime factors of 9440773.
101, 211, 443
List the prime factors of 11630051.
11630051
List the prime factors of 14652158.
2, 7326079
List the prime factors of 2358286.
2, 7, 168449
List the prime factors of 461702.
2, 23, 10037
What are the prime factors of 370688?
2, 181
What are the prime factors of 35909?
149, 241
What are the prime factors of 7080000?
2, 3, 5, 59
List the prime factors of 559907.
559907
List the prime factors of 12417594.
2, 3, 7, 173, 1709
What are the prime factors of 214120?
2, 5, 53, 101
What are the prime factors of 117141?
3, 39047
List the prime factors of 10773104.
2, 17, 39607
What are the prime factors of 199276?
2, 7, 11, 647
What are the prime factors of 5466168?
2, 3, 31, 79
What are the prime factors of 14967470?
2, 5, 7, 213821
What are the prime factors of 20198?
2, 10099
What are the prime factors of 2177101?
2177101
List the prime factors of 2902390.
2, 5, 41, 7079
List the prime factors of 22124825.
5, 29, 30517
List the prime factors of 315923.
431, 733
What are the prime factors of 2422583?
131, 18493
What are the prime factors of 2546242?
2, 1273121
What are the prime factors of 4150917?
3, 311, 1483
What are the prime factors of 2606589?
3, 509, 569
List the prime factors of 67333.
7, 9619
List the prime factors of 10302370.
2, 5, 13, 19, 43, 97
List the prime factors of 396797.
17, 1373
What are the prime factors of 2021950?
2, 5, 7, 53, 109
What are the prime factors of 260244?
2, 3, 7229
List the prime factors of 564214.
2, 7, 191, 211
What are the prime factors of 749423?
749423
List the prime factors of 7664759.
1447, 5297
What are the prime factors of 25001069?
23, 167, 283
What are the prime factors of 4762522?
2, 607, 3923
List the prime factors of 886149.
3, 11, 8951
What are the prime factors of 56872?
2, 7109
List the prime factors of 95627.
7, 19, 719
List the prime factors of 233804.
2, 58451
What are the prime factors of 6062362?
2, 109, 27809
List the prime factors of 22264393.
71, 313583
What are the prime factors of 724830?
2, 3, 5, 37, 653
What are the prime factors of 1680066?
2, 3, 93337
What are the prime f